/2*w**2 + 1/3*w**3. What is the units digit of j(7)?
5
Let r(w) = 2*w**2 - 9*w + 2. Let b be r(6). Let i = -6 + b. What is the tens digit of i?
1
Let x be 3 + 0 + 2 + -1. Let a be (-24)/(-15) + x/10. Suppose -6 = -3*u + a*u. What is the units digit of u?
6
Let f(c) be the second derivative of 4*c**3/3 - 7*c**2/2 - 8*c. What is the tens digit of f(5)?
3
Suppose 4*l = 5*c + l + 15, -2*c = -4*l + 6. Let i be (c/(-6))/((-1)/(-2)). What is the units digit of (-3)/(i*(-9)/6)?
2
Let x(a) = -3*a + 4. Let d(q) = -q - 1. Let j(z) = -2*d(z) - x(z). What is the units digit of j(2)?
8
Let y(c) = 64*c**2 + 4*c. What is the tens digit of y(1)?
6
Let n(t) = t + 20. What is the units digit of n(-5)?
5
Let z be 2/(-2)*3/3. Let u(b) = 8*b**2 + 1. What is the units digit of u(z)?
9
Let n(o) = o**3 + 7*o**2 + 6*o + 4. Let h be -1*((-2 - 1) + 8). What is the units digit of n(h)?
4
Suppose -2*r + 3*i - 7 = 0, 4*r - 5*i + 2*i + 5 = 0. What is the units digit of (-1)/1*(r - 12)?
1
What is the units digit of (-5)/(-40)*170 + (-2)/8?
1
Let m be (5 + -6)/((-1)/2). Let x = -2 + m. Suppose x = 3*f - 12, -9*s + 4*s + 20 = -5*f. What is the units digit of s?
8
Suppose 4*c - 3*z = -1, 3*c - 3*z = -4*z + 9. Suppose -13 = -a - m, 0 = c*a - m + 23 - 55. What is the units digit of a?
5
Let r be (-4 - (-2 - -1)) + 3. Let o = 3 + 7. Let w = o - r. What is the tens digit of w?
1
Let h be (-1981)/4 + 6/24. Let i be h/(-20) + (-3)/4. Suppose i = -2*q + 6*q. What is the units digit of q?
6
Let m(b) = -2*b**3 - 2*b**2 + 3*b + 3. Let a be m(-3). What is the tens digit of a*(-5)/((-45)/6)?
2
Let g(n) = 5*n**2 - 1. Let s be g(1). Let t = s - 0. What is the units digit of t?
4
Let t = 0 + -1. Let g be 0 + t - (-1)/(-1). What is the units digit of (0 + (1 - 5))/g?
2
Suppose -3*m - 2*u + 87 = 2*u, -u + 162 = 5*m. Let c = m - 23. What is the tens digit of c?
1
Let o be (-1)/((-2)/8)*2. Let y = -5 + o. What is the units digit of y?
3
Let p(y) = y**3 - 6*y**2 - 7*y + 7. Suppose 0 = 2*s - 6*s + 56. Let w be 0 - s/(0 + -2). What is the units digit of p(w)?
7
What is the tens digit of (19 + -17)*(1 - -22)?
4
Let p = 4 + -4. Suppose h + 1 = -2*w + 5, -2*h + 2*w - 4 = p. What is the units digit of 1*9*(1 + h)?
9
Let d(c) be the second derivative of -c**3/6 + 4*c. What is the units digit of d(-3)?
3
Suppose 4*p + 6 = 2*p. What is the units digit of (-4 - (p - -1))*-9?
8
Let z = 17 + 17. What is the units digit of z?
4
Let m = -21 - -44. What is the tens digit of m?
2
Let v be (3/(-5))/((-1)/5). Suppose 0 = v*w + 2*r - 44, -4*w + w = 3*r - 39. Let d = w + -9. What is the units digit of d?
9
Let x = 6 - 4. Suppose 2*d - 8 - x = 0. What is the units digit of d?
5
Let f be 2/6 + (-28)/(-6). Suppose 0 = 5*i - 2*s - f, s = -i - 3*i + 17. What is the units digit of i?
3
Suppose -g + 5*g = 108. Suppose -w - g = 2*a, 2*w = -3*a - 1 - 50. What is the units digit of (1 - w/(-6))*-2?
5
Let l = 0 - 1. Let z(g) = g - 1. Let t(i) = -i + 3. Let w(r) = l*t(r) - 2*z(r). What is the units digit of w(-8)?
7
Let j(f) = -f**3 - 7*f**2 + 6*f. Let g be j(-8). Suppose -42 + g = -2*c. What is the units digit of c?
3
Let d(a) = 62*a**3 - 2*a + 1. What is the units digit of d(1)?
1
Suppose 3*h = y - 50, 5*h = 3*y - 0*h - 150. What is the tens digit of y?
5
Let r = -70 + 104. What is the units digit of r?
4
Let l(n) = n**2 - 3*n + 13. What is the tens digit of l(6)?
3
Let k = 184 + 10. What is the tens digit of k?
9
Let u = -5 + -1. What is the tens digit of ((-46)/u)/(2/6)?
2
Let y be (-26)/(-6) - (-3)/(-9). Suppose b = -2*b + 18. Suppose -y*s + b = 2. What is the units digit of s?
1
Suppose 6 + 2 = 2*r. Let i = r - -3. Suppose -i*h + 10 = -2*h. What is the units digit of h?
2
Let x(w) = w**3 - 5*w**2 - 8*w + 7. Let k be x(6). Suppose 4*d + 2*b = -7 + 23, -3*d - b + 11 = 0. What is the units digit of 3 + k - -1*d?
1
Suppose -10 = -11*d + 6*d. Let h(j) = 3*j**2 + 4*j**2 - 3 + 6 - 8*j**2 - 3*j + 2*j**3. What is the units digit of h(d)?
9
Suppose -68 = -4*h - 3*z + 65, -5*h = z - 158. Suppose 2*c + 4*y = c + h, 50 = 2*c + 4*y. What is the tens digit of c?
1
What is the units digit of (37 + -2)*(0 - -1)?
5
Let k be (2 + 0)/((-3)/(-3)). Suppose 4*t - k*t + 5*n = -4, 2*t - 8 = -2*n. What is the units digit of t?
8
What is the units digit of ((-14)/(-21))/((-4)/(-2442))?
7
Let t = 267 + -190. Let p = -48 + t. Let m = p - 18. What is the units digit of m?
1
Suppose -2*f + 8 = -6. Let u(b) = 2 - 1 - f*b + 0*b**2 - b**2. What is the units digit of u(-7)?
1
Let d be ((-9)/6)/(6/8). Let a be (d/(-3))/((-4)/6). What is the units digit of ((-2)/(-6))/(a/(-9))?
3
Let i be 6/8*(-16)/(-4). Let x(w) = 0*w**3 + 9 + 8*w - 5*w**3 + 4*w**3 - i + 6*w**2. What is the units digit of x(7)?
3
Let c(a) = -7*a - 1 + 9*a + 8*a + 12 - a**2. What is the units digit of c(9)?
0
Let d(o) = 2*o**2 + 6*o + 3. Let g(k) = 3*k**2 + 11*k + 6. Let z(j) = 7*d(j) - 4*g(j). What is the units digit of z(-2)?
9
Suppose 5*c - 26 = -6. What is the units digit of c?
4
Let u be (-62)/(-14) - (-24)/(-56). Suppose q + 2*g = 10, 5*q = u*g - 3*g + 39. What is the units digit of q?
8
Suppose 3*y - 26 = 2*k - y, -k - 2*y + 7 = 0. Let v be (3 + -2)/(2 + k). What is the units digit of (-22)/(-1*(v - -3))?
1
Let i be ((-34)/8 - -4)*0. What is the tens digit of (-86)/4*(i + -2)?
4
Suppose -6*k = -79 - 191. What is the units digit of k?
5
Let p be (1 + 0)/(1/3). Suppose 0 = -3*c, t - 2*c = -p + 5. What is the units digit of (7/3)/(t/6)?
7
Let p(y) = -13*y**2 + 11*y. Let b(z) = -7*z**2 + 6*z. Let x(j) = 11*b(j) - 6*p(j). What is the units digit of x(-2)?
4
Let i(t) = -1 - 2*t + 3*t + 6 + 0*t. What is the units digit of i(4)?
9
Suppose -4*j - 4*t = 16, 5*j + t - 4*t = -20. Let p(u) = -u - 3. What is the units digit of p(j)?
1
Let l be (4/(-16))/((-1)/4). Let f be (l - 6)*(-4)/10. What is the units digit of -3 - (-12)/(f - 1)?
9
Let h be (-6 - (-2)/(-2)) + -3. Let b(z) = -z**2 - 14*z - 8. What is the tens digit of b(h)?
3
Let p be (-66)/(-4) - (-2)/(-4). What is the tens digit of (-100)/(-7) - p/56?
1
Suppose -w - 57 = -4*l, 6*l - 2*l = -2*w + 66. What is the tens digit of l?
1
Let c(k) = k**3 + 16*k**2 + 21*k + 24. What is the tens digit of c(-14)?
2
Let f = -1 - -1. Suppose f*u - u + 21 = 0. What is the tens digit of u?
2
Suppose 0 = -p + 3*p - 6. Suppose -2*d - 2*n + 18 = 0, 7*d - 28 = p*d - 2*n. What is the units digit of d?
5
Suppose 5*f = 3*f + 86. What is the tens digit of f?
4
Suppose 0 = 4*b + 4*z - 48, 5*b + 2*z = 6*z + 42. What is the units digit of b?
0
Let o = -265 - -381. What is the tens digit of o?
1
What is the tens digit of (-1)/3 - (-3)/(9/361)?
2
Let y(m) = 2*m - 7. Let r be y(7). What is the tens digit of (-2)/2*(-70)/r?
1
Let b(p) = -23*p**2 + p. Let x = -2 + 3. Let f be b(x). Let t = -16 - f. What is the units digit of t?
6
Let h be (-3 - 3)/3 + 6. Let n(l) = 11 + l - 3*l - h. What is the units digit of n(-5)?
7
Let u(o) = o**2 + o + 8. What is the units digit of u(0)?
8
Suppose -r - 24 = 3*r. What is the tens digit of r/4*40/(-6)?
1
Suppose 43 = 4*y - 25. What is the units digit of y?
7
What is the tens digit of -2 - (-24)/(3/3)?
2
Let r(a) = -4*a**2 + 4*a - 3. Let f(w) = 3*w**2 - 5*w + 2. Let c(k) = -5*f(k) - 4*r(k). What is the units digit of c(-9)?
2
Let k(o) be the first derivative of o**4/4 + 2*o**3 + 5*o**2/2 + 4*o + 1. Let w be k(-5). Suppose 10 = -2*i + w*i. What is the units digit of i?
5
Let p(f) = -f**3 - 9*f**2 + 8*f - 14. What is the units digit of p(-10)?
6
Let g(n) = -2*n**3 - n - 1. Let q be g(-1). What is the units digit of (q/(-5))/((-4)/10)?
1
Let m(y) = -y**3 - 4*y**2 - 2*y - 6. Let s be (-2 - -3) + (-2 - 3). Let q be m(s). Suppose 13 + 1 = q*c. What is the units digit of c?
7
Suppose 2 + 8 = 5*b. Let n = -1 - 0. What is the units digit of 1/b + n/(-2)?
1
Suppose -v + 4*z = z - 9, 3*v + 4*z + 25 = 0. Let i = v + 6. What is the units digit of i?
3
Let a = 15 + -5. What is the units digit of ((-3)/(-2))/(3/a)?
5
Let w = 2 - -1. Suppose w*v - 45 = -3*f, 3*f - 61 - 12 = -5*v. What is the units digit of v?
4
Suppose -18 = 4*a - 6*a. What is the units digit of a/(((-81)/(-42))/9)?
2
Let x(s) = s**2 + 11*s + 5. Suppose -y + 6*y + 50 = 0. Let w be x(y). Let j(r) = r**3 + 4*r**2 - 7*r + 2. What is the tens digit of j(w)?
1
Suppose 11*m + 74 = 12*m. What